e highest common divisor of 21 and 231.
21
Calculate the greatest common divisor of 490 and 35.
35
What is the highest common divisor of 2096 and 64?
16
Calculate the highest common divisor of 693 and 189.
63
What is the highest common divisor of 416 and 26?
26
Calculate the highest common factor of 160 and 145.
5
Calculate the highest common factor of 10 and 154.
2
Calculate the highest common divisor of 665 and 133.
133
What is the greatest common divisor of 40 and 520?
40
What is the greatest common divisor of 448 and 16?
16
Calculate the greatest common factor of 1 and 49.
1
What is the highest common factor of 133 and 105?
7
Calculate the greatest common factor of 10728 and 18.
18
What is the highest common divisor of 49 and 161?
7
Calculate the greatest common divisor of 408 and 150.
6
Calculate the greatest common factor of 47 and 752.
47
What is the highest common factor of 45 and 657?
9
Calculate the greatest common factor of 540 and 96.
12
What is the highest common divisor of 282 and 188?
94
What is the highest common factor of 24 and 90?
6
Calculate the highest common factor of 3 and 177.
3
What is the greatest common factor of 1269 and 27?
27
What is the highest common factor of 22 and 3091?
11
What is the greatest common factor of 144 and 2340?
36
What is the greatest common divisor of 4151 and 7?
7
Calculate the highest common divisor of 1748 and 304.
76
What is the greatest common factor of 37 and 18833?
37
What is the greatest common divisor of 154 and 88?
22
Calculate the highest common divisor of 21 and 48.
3
What is the highest common factor of 799 and 2209?
47
Calculate the highest common divisor of 196 and 4.
4
Calculate the highest common factor of 804 and 18.
6
What is the greatest common divisor of 336 and 21?
21
What is the highest common factor of 12 and 7092?
12
What is the greatest common divisor of 1360 and 20?
20
What is the highest common divisor of 756 and 7?
7
What is the highest common divisor of 14 and 154?
14
Calculate the greatest common divisor of 352 and 32.
32
Calculate the greatest common factor of 665 and 7.
7
What is the greatest common factor of 20620 and 20?
20
Calculate the highest common factor of 3193 and 186.
31
Calculate the highest common factor of 402 and 48.
6
What is the greatest common factor of 2015 and 2480?
155
What is the greatest common factor of 91 and 1456?
91
What is the greatest common factor of 29 and 2581?
29
What is the highest common divisor of 2665 and 82?
41
Calculate the greatest common factor of 84 and 36.
12
Calculate the highest common factor of 43 and 989.
43
What is the greatest common factor of 8705 and 5?
5
What is the highest common divisor of 7758 and 54?
18
What is the greatest common factor of 4 and 6?
2
What is the highest common factor of 34 and 3434?
34
What is the greatest common divisor of 48 and 256?
16
Calculate the highest common divisor of 232 and 406.
58
What is the highest common factor of 16 and 2368?
16
What is the greatest common divisor of 58 and 2?
2
What is the highest common divisor of 1411 and 17?
17
What is the highest common factor of 414 and 621?
207
What is the greatest common factor of 56 and 42?
14
Calculate the greatest common divisor of 533 and 82.
41
What is the highest common factor of 250 and 4100?
50
Calculate the highest common factor of 1056 and 60.
12
What is the highest common factor of 160 and 4?
4
Calculate the greatest common divisor of 737 and 33.
11
Calculate the highest common factor of 14 and 8302.
14
What is the highest common divisor of 7898 and 88?
22
Calculate the highest common factor of 22239 and 63.
63
What is the highest common divisor of 803 and 22?
11
Calculate the greatest common divisor of 528 and 7568.
176
What is the greatest common divisor of 931 and 7?
7
What is the highest common divisor of 372 and 3100?
124
Calculate the highest common divisor of 5824 and 1001.
91
Calculate the highest common factor of 333 and 225.
9
Calculate the greatest common factor of 1608 and 24.
24
Calculate the greatest common factor of 63 and 49.
7
What is the greatest common divisor of 52 and 67132?
52
What is the highest common factor of 21 and 119?
7
Calculate the greatest common factor of 70 and 56.
14
What is the highest common factor of 690 and 735?
15
What is the highest common factor of 165 and 150?
15
Calculate the highest common factor of 6 and 840.
6
What is the greatest common factor of 15 and 96?
3
Calculate the greatest common divisor of 100 and 220.
20
What is the highest common factor of 925 and 111?
37
What is the highest common factor of 17 and 17867?
17
Calculate the greatest common factor of 4430 and 10.
10
Calculate the highest common factor of 4631 and 55.
11
Calculate the highest common factor of 2280 and 200.
40
What is the highest common factor of 8 and 148?
4
What is the highest common factor of 43 and 67553?
43
What is the highest common divisor of 2014 and 133?
19
What is the greatest common divisor of 205 and 80?
5
Calculate the highest common divisor of 2665 and 520.
65
Calculate the greatest common factor of 155 and 155.
155
What is the greatest common divisor of 50 and 1600?
50
What is the highest common factor of 697 and 323?
17
Calculate the highest common factor of 29 and 5.
1
What is the greatest common divisor of 4 and 256?
4
Calculate the highest common divisor of 32 and 240.
16
Calculate the greatest common factor of 18475 and 25.
25
Calculate the highest common divisor of 49 and 490.
49
Calculate the highest common factor of 4104 and 88.
8
What is the greatest common divisor of 11 and 77?
11
What is the greatest common divisor of 196 and 6272?
196
What is the highest common factor of 62 and 682?
62
Calculate the highest common divisor of 949 and 117.
13
Calculate the highest common factor of 407 and 88.
11
Calculate the greatest common factor of 465 and 93.
93
What is the highest common factor of 192 and 240?
48
Calculate the highest common factor of 91 and 117.
13
What is the highest common divisor of 108 and 612?
36
Calculate the highest common divisor of 1287 and 572.
143
Calculate the highest common factor of 889 and 7.
7
What is the highest common factor of 786 and 6?
6
What is the highest common divisor of 570 and 30?
30
What is the greatest common factor of 8510 and 92?
46
Calculate the highest common divisor of 168 and 8.
8
Calculate the highest common factor of 3 and 21.
3
Calculate the highest common divisor of 16 and 688.
16
What is the greatest common divisor of 21 and 4599?
21
Calculate the highest common factor of 298 and 2.
2
Calculate the highest common divisor of 234 and 351.
117
Calculate the highest common factor of 348 and 12.
12
Calculate the greatest common factor of 100 and 280.
20
What is the greatest common divisor of 882 and 24?
6
What is the highest common factor of 6 and 57?
3
What is the highest common divisor of 6035 and 781?
71
Calculate the highest common factor of 44831 and 127.
127
Calculate the greatest common factor of 108 and 12177.
27
What is the greatest common divisor of 7 and 1694?
7
What is the highest common factor of 1368 and 270?
18
What is the greatest common divisor of 53 and 11236?
53
Calculate the greatest common factor of 62 and 12.
2
Calculate the greatest common factor of 28 and 28.
28
What is the highest common factor of 640 and 60?
20
Calculate the greatest common divisor of 32 and 1312.
32
What is the highest common factor of 56 and 80?
8
What is the highest common divisor of 488 and 16?
8
What is the highest common divisor of 2314 and 78?
26
Calculate the greatest common divisor of 37905 and 35.
35
Calculate the highest common divisor of 2 and 74.
2
What is the highest common divisor of 333 and 6?
3
What is the greatest common divisor of 41 and 82?
41
Calculate the highest common divisor of 120 and 3880.
40
Calculate the highest common factor of 6 and 4926.
6
What is the greatest common factor of 1960 and 420?
140
What is the greatest common divisor of 85 and 310?
5
What is the highest common factor of 203 and 54607?
203
What is the highest common divisor of 116 and 2349?
29
Calculate the highest common divisor of 90 and 40.
10
What is the greatest common divisor of 98 and 70?
14
What is the greatest common factor of 16 and 2008